 f(75).
-276
Let u(o) = o**2 + 2978*o + 20822. Give u(-7).
25
Let m(z) = 458*z - 32058. Determine m(70).
2
Let n(v) = v**3 + 4*v**2 - 16*v + 55. Give n(5).
200
Let p(s) = -s**2 + 12*s + 230. Give p(-10).
10
Let n(m) = -1148*m - 4521. What is n(-4)?
71
Let q(f) = -f**3 - 2*f**2 - 4*f - 41. Give q(-5).
54
Let r(f) = f**2 - 55*f - 735. What is r(66)?
-9
Let g(x) = 3*x**2 + 5*x + 4. Calculate g(6).
142
Let v(n) = -n**3 + 88*n**2 - 564*n + 124. What is v(81)?
367
Let x(z) = -6*z**2 + 168*z + 35. Give x(28).
35
Let a(q) = -q**3 + 21*q**2 - 80*q + 1. Give a(16).
1
Let y(k) = 90*k + 1020. Calculate y(-13).
-150
Let z(b) = 97*b + 8. Give z(-2).
-186
Let q(h) = 255*h**2 + 4609*h + 337. What is q(-18)?
-5
Let o(i) = -i**3 + 21*i**2 + 153*i - 3221. Determine o(21).
-8
Let w(q) = -318*q + 3815. What is w(12)?
-1
Let j(z) = -12*z + 106. Give j(10).
-14
Let f(h) = h**2 + 215*h - 1345. Calculate f(6).
-19
Let p(s) = -58*s - 279. Calculate p(-5).
11
Let s(j) = -2032*j + 56890. Calculate s(28).
-6
Let h(t) = -19*t**3 - 3*t**2 - 7*t - 3. Determine h(-1).
20
Let r(d) = -34*d + 2036. Give r(60).
-4
Let s(n) = 48*n - 32. What is s(1)?
16
Let y(j) = 5*j**2 + 103*j + 531. What is y(-10)?
1
Let p(r) = r**3 - 26*r**2 + 42*r + 174. What is p(24)?
30
Let c(n) = -647*n - 652. Determine c(-1).
-5
Let d(s) = 2*s**3 - 83*s**2 + 225*s + 1569. Determine d(38).
11
Let j(x) = -6*x**3 - 253*x**2 + 217*x + 87. Calculate j(-43).
1
Let s(k) = -5*k**2 + 11*k - 89. Give s(11).
-573
Let d(j) = 46*j - 3198. Determine d(69).
-24
Let v(m) = 44*m**3 + 481*m**2 - 37*m - 40. What is v(-11)?
4
Let k(t) = -t**3 + 106*t**2 + 236*t - 2175. Determine k(108).
-15
Let g(b) = -b**3 - 58*b**2 - 617*b - 47. Give g(-44).
-3
Let l(i) = -3*i**3 + 18*i**2 + 3*i + 5. Give l(6).
23
Let r(k) = 161*k**2 + 14*k + 12. Give r(-1).
159
Let i(a) = -66*a**2 - 259*a + 765. Give i(3).
-606
Let h(u) = -u**3 + 21*u**2 + 95*u + 1. Determine h(25).
-124
Let v(l) = -7*l**2 + 10*l - 35. Determine v(-5).
-260
Let m(v) = 13*v - 220. Calculate m(19).
27
Let j(a) = -5*a**2 + 155*a - 55. Determine j(31).
-55
Let k(t) = -29*t**2 - 3. What is k(1)?
-32
Let a(f) = f**3 - 155*f**2 + 139*f + 2302. Give a(154).
-8
Let m(p) = -16*p**2 + 106*p + 5. Give m(2).
153
Let f(g) = -g**3 + 28*g**2 + 14*g - 83. Determine f(29).
-518
Let x(w) = -w**2 + 58*w - 127. Determine x(56).
-15
Let b(f) = 4*f**2 + 2*f - 348. Determine b(-7).
-166
Let t(f) = -2*f**3 + 76*f**2 - f + 25. Calculate t(38).
-13
Let q(j) = 299*j + 3139. What is q(-11)?
-150
Let j(c) = 5*c**2 - 238*c - 89. Give j(46).
-457
Let f(w) = 4*w**2 - 297*w - 590. Calculate f(76).
-58
Let r(b) = -b**3 - 2*b**2 + 5*b + 26. Give r(-4).
38
Let h(x) = 20*x**2 - 100*x + 87. What is h(1)?
7
Let w(j) = 2*j**2 + 151*j + 2503. Determine w(-51).
4
Let z(m) = m**2 - 260. Calculate z(15).
-35
Let g(v) = 2*v**3 - 3*v**2 - 13*v + 27. Give g(2).
5
Let j(v) = -2*v - 122. What is j(-11)?
-100
Let p(s) = s**2 - 30*s - 713. Calculate p(51).
358
Let l(y) = 53*y + 11. Determine l(-2).
-95
Let c(z) = -75*z**2 - 75*z + 75. What is c(1)?
-75
Let s(k) = k**3 - 102*k**2 - 213*k + 531. What is s(104)?
11
Let d(i) = -19*i - 254. Calculate d(-16).
50
Let f(b) = -187*b + 9345. Determine f(50).
-5
Let a(z) = 4*z**2 + 4*z + 57. Determine a(-6).
177
Let g(m) = 125*m**2 + 5378*m + 29. Determine g(-43).
-100
Let z(n) = -23*n - 474. Determine z(-31).
239
Let n(k) = -15*k**2 + 631*k - 57. Give n(42).
-15
Let w(x) = -16*x + 1979. Give w(124).
-5
Let q(g) = g**2 + 13*g - 55. Determine q(8).
113
Let y(g) = 5*g**3 + 2*g**2 + 237*g - 239. What is y(1)?
5
Let j(i) = -i**2 + 47*i - 170. Determine j(42).
40
Let g(d) = d**3 + 69*d**2 - 100*d - 6891. Give g(-69).
9
Let h(g) = 13*g**2 + 17*g + 33. What is h(-3)?
99
Let o(s) = s**2 + 391*s - 12637. Determine o(30).
-7
Let p(y) = -102*y - 620. Give p(-6).
-8
Let a(q) = 20*q - 1. Determine a(-3).
-61
Let i(b) = -8*b**3 + 20*b**2 + 26. Give i(3).
-10
Let j(x) = 4*x**2 + 28*x + 12. Give j(-6).
-12
Let b(n) = n**2 - 46*n + 334. Determine b(37).
1
Let w(t) = -t**3 - 68*t**2 - 550*t - 11040. Calculate w(-62).
-4
Let n(p) = 6*p**2 - 45*p - 111. Give n(9).
-30
Let i(d) = -3*d**3 + 16*d**2 + 11*d - 57. What is i(5)?
23
Let u(s) = -7*s**2 - 69*s - 139. Calculate u(-7).
1
Let f(d) = -18*d + 29. Determine f(2).
-7
Let t(p) = p**3 + 9*p**2 - 62. Calculate t(-9).
-62
Let a(c) = -2*c**2 - 19084*c - 114435. Give a(-6).
-3
Let m(f) = -f**2 + 304*f + 2842. Determine m(-9).
25
Let i(h) = 151*h + 2259. Determine i(-15).
-6
Let j(r) = 3*r**2 + 130*r - 1412. Give j(9).
1
Let u(f) = 2*f**2 - 74*f + 104. Calculate u(38).
180
Let z(c) = 6984*c - 69841. Calculate z(10).
-1
Let j(b) = b**2 - 25*b - 284. Give j(-8).
-20
Let f(p) = -2*p**3 - 19*p**2 - 16*p - 38. Give f(-8).
-102
Let h(k) = 2*k**2 + 27*k + 72. Give h(-11).
17
Let k(j) = j**2 - 69*j - 117. What is k(0)?
-117
Let y(n) = -2*n**2 + 109*n - 61. What is y(54)?
-7
Let q(b) = -34*b + 853. What is q(24)?
37
Let m(g) = g**3 + 23*g**2 - g + 8. What is m(-23)?
31
Let d(x) = 5*x**2 + 22*x + 12. Calculate d(-6).
60
Let x(r) = 77*r + 557. What is x(-14)?
-521
Let i(f) = -2*f**3 - 20*f**2 - 27*f - 30. What is i(-9)?
51
Let y(g) = 64*g + 391. Give y(-5).
71
Let y(l) = 5*l**2 - 16*l + 77. Calculate y(4).
93
Let c(g) = 4*g**2 + 2*g - 26. What is c(5)?
84
Let c(x) = 229*x**3 + x**2 + 2*x + 1. What is c(-1)?
-229
Let s(q) = 247*q + 4731. What is s(-19)?
38
Let t(b) = -b**3 + 238*b**2 - 5139*b + 637. Determine t(214).
-5
Let o(h) = -2*h**2 - 22*h + 198. Calculate o(13).
-426
Let b(k) = k**2 + 5*k - 39. Determine b(8).
65
Let v(t) = t**3 + 26*t**2 + 44*t + 71. Calculate v(-24).
167
Let u(w) = 10*w - 521. Give u(46).
-61
Let t(j) = -7*j - 60. Give t(-30).
150
Let t(l) = l**2 - 4*l - 22. Calculate t(-4).
10
Let t(h) = 34*h - 175. What is t(8)?
97
Let r(s) = 75*s + 368. Determine r(-5).
-7
Let x(k) = -166*k + 869. Calculate x(5).
39
Let d(u) = -7*u**2 - 61*u - 37. Calculate d(-9).
-55
Let g(k) = -69*k - 420. Determine g(-6).
-6
Let k(l) = -l**2 + 668*l + 51666. Give k(-70).
6
Let w(p) = 179*p + 186. Calculate w(-2).
-172
Let c(j) = 36*j**3 - 5*j**2 - 2*j + 1. Calculate c(-1).
-38
Let i(o) = 2231*o - 24507. What is i(11)?
34
Let b(k) = -3*k**3 + 3*k**2 - 195*k - 198. Give b(-1).
3
Let i(b) = b**2 + 94*b + 1368. Calculate i(-18).
0
Let b(g) = -219*g**2 + 7*g - 6. Calculate b(1).
-218
Let t(n) = n**3 - 97*n**2 - 95*n - 286. Calculate t(98).
8
Let r(v) = v**3 - 7*v**2 - 10*v + 19. Determine r(8).
3
Let y(i) = -6*i**2 - 49*i - 193. Give y(-6).
-115
Let m(f) = 131*f - 519. Give m(4).
5
Let k(m) = m**3 + 10*m**2 - 57*m + 16. What is k(-14)?
30
Let a(c) = 573*c + 4003. Determine a(-7).
-8
Let g(j) = j**2 + 6*j + 26. Determine g(0).
26
Let j(d) = -8*d - 90. What is j(10)?
-170
Let p(i) = 41*i**3 + 914*i - 914. Calculate p(1).
41
Let k(o) = o**3 - 21*o**2 - 36*o - 233. Give k(23).
-3
Let w(j) = j**3 + 7*j**2 - 8*j - 64. Give w(-8).
-64
Let u(l) = -21*l + 1095. Give u(52).
3
Let y(o) = -257*o**2 - 1284*o - 11. Give y(-5).
-16
Let d(b) = -b**3 - 69*b**2 - 318*b + 13. Calculate d(-5).
3
Let w(a) = a**2 + 132*a - 14425. What is w(71)?
-12
Let l(z) = 7*z**2 - 455*z + 12. What is l(65)?
12
Let n(v) = 76*v + 1474. Determine n(-19).
30
Let r(u) = -u**3 - 25*u**2 - 131*u - 318. Give r(-19).
5
Let c(b) = 5*b**2 + 734*b + 576. Determine c(-146).
-8
Let t(c) = 244*c**2 - 1463*c + 16. Give t(6).
22
Let w(o) = 2*o**2 + 87*o + 488. Determine w(-37).
7
Let l(j) = -309*j - 9566. Give l(-31).
13
Let j(h) = -2*h**2 - 2*h + 57. Determine j(6).
-27
Let t(c) = 305*c + 5145. Give t(-17).
-40
Let i(k) = -3169*k + 31690. Determine i(10).
0
Let c(z) = z**3 + 12*z**2 - 59*z - 693. What is c(-10)?
97
Let l(d) = d**3 - 2*d**2 - 12*d + 21. Give l(3).
-6
Let u(p) = -36*p - 156. Determine u(-5).
24
Let x(p) = p**2 + 47*p - 531. Give x(-57).
39
Let w(p) = -p**2 - 173*p + 1432. Calculate w(8).
-16
Let y(c) = 1871*c - 13109. What is y(7)?
-12
Let g(m) = 4*m**3 - 2*m**2 + 2. Determine g(1).
4
Let s(t) = -2*t**2 + 247*t + 3855. Give s(-14).
5
Let p(z) = -1769*z + 7068. Determine p(4).
-8
Let y(h) = 9*h - 53. Give y(-5).
-98
Let k(s) = s**3 + 14*s**2 + 54*s + 101. What is k(-8)?
53
Let q(v) = 50*v - 524. What is q(11)?
26
Let n(t) = 4*t**3 + 99*t**2 - 229*t + 27. Determine n(2).
-3
Let d(l) = l**3 + 46*l**2 + 44*l - 4